{"id":37,"date":"2020-10-22T12:36:36","date_gmt":"2020-10-22T10:36:36","guid":{"rendered":"http:\/\/www.freisein-lernen.de\/?page_id=37"},"modified":"2020-10-22T12:41:30","modified_gmt":"2020-10-22T10:41:30","slug":"ueber-mich","status":"publish","type":"page","link":"https:\/\/www.freisein-lernen.de\/?page_id=37","title":{"rendered":"\u00dcber mich"},"content":{"rendered":"\n<figure class=\"wp-block-image size-large is-resized\"><img loading=\"lazy\" decoding=\"async\" src=\"http:\/\/www.freisein-lernen.de\/wp-content\/uploads\/2020\/10\/Elisabeth_klein-01-1012x1024.jpg\" alt=\"\" class=\"wp-image-14\" width=\"345\" height=\"348\" srcset=\"https:\/\/www.freisein-lernen.de\/wp-content\/uploads\/2020\/10\/Elisabeth_klein-01-1012x1024.jpg 1012w, https:\/\/www.freisein-lernen.de\/wp-content\/uploads\/2020\/10\/Elisabeth_klein-01-296x300.jpg 296w, https:\/\/www.freisein-lernen.de\/wp-content\/uploads\/2020\/10\/Elisabeth_klein-01-150x150.jpg 150w, https:\/\/www.freisein-lernen.de\/wp-content\/uploads\/2020\/10\/Elisabeth_klein-01-768x777.jpg 768w, https:\/\/www.freisein-lernen.de\/wp-content\/uploads\/2020\/10\/Elisabeth_klein-01.jpg 1179w\" sizes=\"(max-width: 345px) 100vw, 345px\" \/><\/figure>\n\n\n\n<p>Willkommen auf meinem Blog!<\/p>\n\n\n\n<p>Ich schreibe \u00fcber innere Entwicklung, gewaltfreie Kommunikation, das Leben und die Menschen. Ich versuche, mir auf all das um mich herum einen Reim zu machen, indem ich festhalte, was ich beobachte.&nbsp;<\/p>\n\n\n\n<p>Die GFK brachte mich meiner inneren Welt sehr viel n\u00e4her, als es jede Therapie zuvor geschafft hatte. Ich will dabei gar nicht so sehr darauf eingehen, wie sie &#8222;anzuwenden&#8220; ist, sondern eher philosophisch reflektieren und dabei meine Lernprozesse teilen. Denn das private ist nicht nur privat sondern legt den Grundstein f\u00fcr alle Ver\u00e4nderungen, die gesellschaftlich passieren k\u00f6nnen.<\/p>\n","protected":false},"excerpt":{"rendered":"<p>Willkommen auf meinem Blog! Ich schreibe \u00fcber innere Entwicklung, gewaltfreie Kommunikation, das Leben und die Menschen. Ich versuche, mir auf all das um mich herum einen Reim zu machen, indem ich festhalte, was ich beobachte.&nbsp; Die GFK brachte mich meiner inneren Welt sehr viel n\u00e4her, als es jede Therapie zuvor<\/p>\n","protected":false},"author":3,"featured_media":0,"parent":0,"menu_order":0,"comment_status":"closed","ping_status":"closed","template":"","meta":{"footnotes":""},"class_list":["post-37","page","type-page","status-publish","hentry"],"_links":{"self":[{"href":"https:\/\/www.freisein-lernen.de\/index.php?rest_route=\/wp\/v2\/pages\/37"}],"collection":[{"href":"https:\/\/www.freisein-lernen.de\/index.php?rest_route=\/wp\/v2\/pages"}],"about":[{"href":"https:\/\/www.freisein-lernen.de\/index.php?rest_route=\/wp\/v2\/types\/page"}],"author":[{"embeddable":true,"href":"https:\/\/www.freisein-lernen.de\/index.php?rest_route=\/wp\/v2\/users\/3"}],"replies":[{"embeddable":true,"href":"https:\/\/www.freisein-lernen.de\/index.php?rest_route=%2Fwp%2Fv2%2Fcomments&post=37"}],"version-history":[{"count":3,"href":"https:\/\/www.freisein-lernen.de\/index.php?rest_route=\/wp\/v2\/pages\/37\/revisions"}],"predecessor-version":[{"id":43,"href":"https:\/\/www.freisein-lernen.de\/index.php?rest_route=\/wp\/v2\/pages\/37\/revisions\/43"}],"wp:attachment":[{"href":"https:\/\/www.freisein-lernen.de\/index.php?rest_route=%2Fwp%2Fv2%2Fmedia&parent=37"}],"curies":[{"name":"wp","href":"https:\/\/api.w.org\/{rel}","templated":true}]}}